37532?
False
Does 143 divide 64937444?
True
Does 22 divide 1788108283?
False
Is 5882128 a multiple of 1624?
True
Is 942 a factor of 32875800?
True
Is 129 a factor of 131099604?
True
Does 138 divide 29880518?
False
Is 4070 a factor of 111623820?
True
Is 11 a factor of 18911784?
False
Does 309 divide 38171110?
False
Is 1708 a factor of 538320608?
True
Is 13 a factor of 5129637066?
False
Does 20 divide 13221300?
True
Is 44638774 a multiple of 262?
True
Does 173 divide 392224492?
False
Is 234 a factor of 181690033?
False
Is 95 a factor of 894520?
True
Is 147 a factor of 76392813?
True
Is 2441 a factor of 271712592?
True
Is 65 a factor of 42227885?
False
Is 1352337975 a multiple of 7989?
True
Is 615253002 a multiple of 273?
True
Does 36 divide 101157732?
True
Is 11251659 a multiple of 7?
False
Is 51 a factor of 382191603?
True
Is 566 a factor of 1932944336?
True
Does 284 divide 89589504?
True
Is 14555680 a multiple of 39?
False
Is 17 a factor of 1335740539?
False
Is 4507 a factor of 1042189666?
True
Does 82 divide 102146088?
True
Does 1515 divide 904311336?
False
Does 297 divide 2319817698?
True
Does 3 divide 727368333?
True
Does 109 divide 166005256?
True
Is 3 a factor of 112261489?
False
Is 57326002 a multiple of 1877?
False
Does 150 divide 179131903?
False
Does 79 divide 165256387?
True
Does 240 divide 27795840?
True
Does 345 divide 58029604?
False
Is 385811128 a multiple of 93?
False
Is 213154487 a multiple of 60?
False
Is 8512 a factor of 2132355595?
False
Is 27271736 a multiple of 85?
False
Is 90 a factor of 1543597380?
True
Does 6534 divide 216840291?
False
Is 24 a factor of 13184172?
False
Does 632 divide 578905048?
True
Is 482 a factor of 148993516?
False
Is 39394368 a multiple of 28?
False
Is 416 a factor of 2449558526?
False
Is 54 a factor of 64761522?
False
Is 9504326 a multiple of 14?
False
Is 2492702 a multiple of 99?
False
Does 17 divide 7992754?
True
Is 29148290 a multiple of 1349?
False
Is 4983339 a multiple of 24?
False
Is 4722 a factor of 99105707?
False
Is 220 a factor of 225399245?
False
Does 71 divide 62746889?
True
Does 6 divide 206002123?
False
Is 712 a factor of 770596176?
True
Is 84 a factor of 31732596?
True
Is 6 a factor of 21904302?
True
Is 51524799 a multiple of 4?
False
Is 1277 a factor of 316932352?
False
Is 27315519 a multiple of 21?
True
Does 214 divide 13979583?
False
Does 629 divide 148113768?
False
Does 41 divide 16893008?
False
Does 2418 divide 73050198?
True
Is 150 a factor of 78476400?
True
Is 368 a factor of 133835988?
False
Is 76374480 a multiple of 195?
True
Does 27 divide 370861713?
True
Does 226 divide 1108053291?
False
Does 636 divide 1706213100?
True
Does 10 divide 102457030?
True
Is 15 a factor of 485263550?
False
Is 8204040 a multiple of 65?
True
Is 634069820 a multiple of 917?
False
Does 108 divide 33534864?
True
Does 4106 divide 1931934590?
True
Is 347922996 a multiple of 34?
False
Does 33 divide 648860289?
True
Does 19 divide 2344106?
True
Does 2190 divide 160373700?
True
Is 48 a factor of 14465443?
False
Is 526 a factor of 381514658?
False
Does 9 divide 249782022?
True
Is 6094305 a multiple of 45?
True
Is 5523441 a multiple of 2316?
False
Does 382 divide 5006874?
True
Is 57033564 a multiple of 14?
True
Is 2389 a factor of 12163851?
False
Does 171 divide 46666984?
False
Is 21635355 a multiple of 35?
True
Is 6474 a factor of 4154742961?
False
Is 2060549116 a multiple of 328?
False
Is 14212990 a multiple of 970?
False
Is 712849189 a multiple of 299?
True
Is 259 a factor of 995596?
True
Is 15 a factor of 3294145049?
False
Does 791 divide 5533045?
True
Is 57415229 a multiple of 3592?
False
Is 152168904 a multiple of 867?
True
Does 65 divide 151533471?
False
Is 3708 a factor of 50554388?
False
Does 1160 divide 40765183?
False
Is 61 a factor of 75666407?
False
Is 158 a factor of 10599904?
True
Is 4850318 a multiple of 22?
True
Is 36 a factor of 88718981?
False
Does 12 divide 10424579?
False
Does 108 divide 58381008?
False
Is 133943624 a multiple of 43?
True
Is 21955252 a multiple of 12?
False
Is 81 a factor of 26127036?
True
Does 593 divide 78328777?
True
Does 59 divide 1242649268?
True
Is 4395263566 a multiple of 599?
False
Is 614870345 a multiple of 307?
True
Is 16790097 a multiple of 3?
True
Is 681380155 a multiple of 18?
False
Does 932 divide 2501650202?
False
Does 23 divide 849740?
False
Is 893756523 a multiple of 627?
True
Is 11274002 a multiple of 12?
False
Is 5 a factor of 49709788?
False
Is 3732 a factor of 1223747897?
False
Is 11 a factor of 1898961999?
True
Is 1721897082 a multiple of 169?
False
Does 8 divide 13818359?
False
Does 12 divide 210845?
False
Is 1804609554 a multiple of 26?
False
Is 8 a factor of 2467179456?
True
Is 10 a factor of 1835113700?
True
Is 2754754992 a multiple of 16?
True
Is 390694644 a multiple of 342?
True
Is 456830706 a multiple of 49?
False
Does 7735 divide 2855359780?
True
Is 96503850 a multiple of 5?
True
Is 38 a factor of 3164875258?
True
Is 3665 a factor of 360324084?
False
Is 3684 a factor of 9832596?
True
Is 1038916623 a multiple of 996?
False
Does 3639 divide 100494624?
True
Is 8140196 a multiple of 31?
False
Is 423 a factor of 388625751?
True
Is 231732284 a multiple of 14?
True
Is 27 a factor of 14621005?
False
Does 82 divide 1646620680?
True
Does 542 divide 17379961?
False
Does 108 divide 740288160?
True
Is 9760437 a multiple of 12?
False
Does 508 divide 33269229?
False
Does 216 divide 34507080?
True
Does 27 divide 112015197?
True
Is 1392779262 a multiple of 15?
False
Is 2347164 a multiple of 633?
True
Is 63 a factor of 1408070349?
True
Is 1293622605 a multiple of 45?
True
Does 165 divide 16406078?
False
Is 7442 a factor of 458131132?
False
Is 25443077 a multiple of 430?
False
Is 244 a factor of 73646032?
True
Is 18969780 a multiple of 73?
True
Does 1410 divide 832337156?
False
Is 4 a factor of 551350912?
True
Is 24617144 a multiple of 8?
True
Is 39 a factor of 480312401?
False
Is 6195985018 a multiple of 21?
False
Is 2341 a factor of 43179745?
True
Does 162 divide 16762229?
False
Does 17 divide 1334288509?
False
Does 5745 divide 92750716?
False
Is 283 a factor of 24232158?
True
Does 56 divide 3719800?
True
Does 973 divide 7347123?
True
Is 4114 a factor of 191403850?
True
Does 51 divide 16418532?
True
Does 26 divide 3034945108?
True
Is 2345491114 a multiple of 61?
True
Is 693 a factor of 145189737?
True
Is 958 a factor of 1960068?
True
Is 206 a factor of 163800418?
False
Does 251 divide 2849929736?
False
Is 1207 a factor of 39616154?
True
Does 72 divide 684868274?
False
Does 21 divide 514563527?
False
Is 13432112 a multiple of 97?
False
Does 76 divide 37016864?
True
Is 98328508 a multiple of 12?
False
Is 71737525 a multiple of 5?
True
Does 13 divide 7890832?
False
Does 15 divide 111649710?
True
Is 4973748464 a multiple of 1548?
False
Is 110 a factor of 40395182?
False
Is 570545595 a multiple of 1905?
True
Is 106 a factor of 557950?
False
Does 17 divide 10198838?
False
Does 66 divide 46037442?
True
Does 16 divide 89789912?
False
Is 344353875 a multiple of 375?
True
Is 1081 a factor of 1855326786?
True
Does 15 divide 5020275?
True
Is 43403563 a multiple of 31?
False
Is 5 a factor of 8454505?
True
Is 443489743 a multiple of 26?
False
Does 81 divide 23961096?
True
Is 235 a factor of 757217584?
False
Is 69012165 a multiple of 7?
False
Is 13 a factor of 62393461?
True
Is 30 a factor of 71035200?
True
Does 10 divide 6205684?
False
Is 227 a factor of 2036535295?
False
Does 577 divide 30992218?
False
Is 1585 a factor of 104843624?
False
Does 2614 divide 889366687?
False
Does 2816 divide 272935301?
False
Does 9 divide 77829134?
False
Does 163 divide 65847717?
False
Is 29289969 a multiple of 87?
False
Is 22 a factor of 411367902?
True
Does 712 divide 62020455?
False
Is 24368526 a multiple of 243?
True
Does 1401 divide 163605978?
True
Is 17151102 a multiple of 2?
True
Is 17 a factor of 799594660?
True
Is 22815000 a multiple of 540?
True
Is 4 a factor of 140636572?
True
Does 56 divide 5990376?
True
Does 35 divide 101063553?
False
Does 47 divide 403438271?
True
Is 1227937416 a multiple of 59?
False
Is 539 a factor of 305990839?
True
Is 4227907 a multiple of 16?
False
Does 7512 divide 63567653?
False
Does 1292 divide 341658103?
False
Is 21 a factor of 209829444?
Fals